+ 1 + 6?
0
What is the value of 13 + -18 - (0 + -1)?
-4
Evaluate -3 + -6 + 14 + -4.
1
What is (21 - 23) + (6 - (-3 + 2))?
5
What is the value of -3 + -3 + 4 + -2?
-4
What is the value of 3 - 16 - (20 + -28)?
-5
(7 - (5 + 0 + 0)) + -3
-1
Calculate 0 - -1 - (53 + -49).
-3
What is the value of (2 - 10) + 1 + 10 - 12?
-9
Calculate -8 + 16 + -16 + -7 + 4.
-11
What is 2 - ((-6 - -12) + 1)?
-5
Calculate (7 - 0) + 4 - 4.
7
What is the value of -4 + (1 - 0) + 6 + -5?
-2
Evaluate 0 + (1 - (9 + -7) - 1).
-2
Calculate -8 + -12 + 26 - -1.
7
What is the value of 1 + -4 - (-8 - -3) - 1?
1
What is the value of -8 - (-9 + -7 + 4)?
4
Evaluate -3 + 5 + 0 + (9 - 5).
6
What is the value of -2 + -12 + 4 + 5?
-5
-2 - 0 - (1 + 0) - -1
-2
Calculate -4 + 5 + (-1 - 3) + 0.
-3
Evaluate 5 - (-3 + 8 + 0).
0
What is the value of 1 - (-1 + 2 - -1)?
-1
What is the value of 0 + 0 - (9 + -12)?
3
Calculate (0 - (-4 + 5)) + -2.
-3
What is (1 - 7) + (-15 - -14)?
-7
Calculate 3 - (-6 + 4 + 8).
-3
Calculate 0 + 7 + (10 - 17).
0
Calculate (-7 - -5) + (-3 - -2) + 5.
2
What is 6 + 7 + -6 + -1?
6
What is -1 + 2 + (-5 - -2) - 0?
-2
(4 - 3 - 1 - -1) + -8
-7
What is -5 + 4 + 0 + 2?
1
What is the value of 5 + -1 - (1 + 8)?
-5
What is -2 - 1 - -4 - -7 - 8?
0
What is 4 - (0 + -4 + 12)?
-4
What is 6 + -3 - ((8 - 6) + -1)?
2
Evaluate -2 - (8 + -4 - (3 + 1)).
-2
6 + -10 + -1 + 5
0
6 + (-4 - -2) + (-4 - -4)
4
9 - (-3 - (-15 + 2))
-1
What is the value of -6 + (4 - 0) - -2 - 5?
-5
What is the value of -2 - 4 - -1 - (-11 - -1)?
5
-9 - -4 - -1 - (-4 - -5)
-5
-8 - (0 + 8 + -2 - 6)
-8
Evaluate (-7 - -2) + 1 - (1 - 1).
-4
Calculate 4 + (0 - 3) - -4.
5
Evaluate (7 - (2 - -6)) + 5.
4
What is 14 - ((-4 - -9) + 0)?
9
Evaluate -2 - 1 - (4 - 2).
-5
(-9 - -7) + 8 + -7
-1
Calculate -3 - ((8 - 11) + (2 - -1)).
-3
Evaluate -5 - 1 - (3 + -8 + 5).
-6
19 - 12 - (0 - -3)
4
Calculate (-3 - 0 - -15) + 1 + -8.
5
Evaluate 4 + 20 + -7 + -12.
5
Evaluate -2 + (16 - 18) + 0 + 2.
-2
What is 0 + -4 + 2 + 2 + 1?
1
What is -5 + (2 - -5) - (-6 + 8)?
0
What is the value of (-2 - 8) + (-35 - -38) + 0?
-7
What is the value of -4 - (1 - 4) - (15 + -16)?
0
What is the value of -1 + -2 + -1 + 4 + -2?
-2
What is -2 - ((0 - -11) + -6)?
-7
Evaluate (-1 - (-1 - -1)) + 3.
2
(1 - 0) + 33 + -38
-4
3 - (0 + 6 - (-8 - -13))
2
What is the value of (-25 - -31) + -6 + -1?
-1
(0 + -2 - -3) + 3
4
Evaluate 1 + 1 + -6 - 2 - -9.
3
-8 + 9 + -10 - -13
4
What is (-2 - -1) + 0 - 3?
-4
Calculate -5 - (-4 + 14 - 11).
-4
Calculate (-9 - -2) + -24 + 37 - 13.
-7
Calculate 0 + -2 - (-4 - (14 + -7)).
9
Evaluate (95 - 92) + (-6 - 1) - -10.
6
What is -3 + 7 + -4 + 5 - 2?
3
What is the value of 24 + -22 + (-6 - (1 + -3))?
-2
What is the value of 4 + (-5 - 4 - -8 - -5)?
8
Calculate 3 + 2 + 6 + (-5 - 1).
5
Evaluate 7 - (-3 + 10 - (-9 + 2)).
-7
What is the value of (0 - 2) + (152 - 151)?
-1
Evaluate (-4 - (12 + (-4 - 2))) + 4.
-6
Evaluate (-2 - 2) + 6 + -1 - 2.
-1
What is the value of -1 - (4 - (-2 + 10))?
3
What is (5 - 12) + 0 + 1?
-6
Calculate 5 - -1 - (-7 + 8).
5
Evaluate 14 - (0 + (2 - -1) + 4).
7
Evaluate 13 + 2 + (-14 - (-3 + -3)).
7
Calculate 2 + -11 + 4 + 9.
4
Calculate (5 - (13 - -7)) + 9.
-6
What is the value of 2 + -4 + (6 - 6) - 1?
-3
8 + -11 - (-7 - (-2 + -1))
1
(-3 - -8) + (3 - 4)
4
(6 - (-7 + 14)) + (1 - 7)
-7
2 + -4 + (-2 - -3)
-1
What is the value of -1 - (15 + -15 + 2 + -7)?
4
-16 - (-4 + 1) - -6
-7
Calculate 14 + -2 + -13 - (0 - 3).
2
What is the value of (-8 - -5 - 0) + -2 + 6?
1
Calculate (-6 + 1 - 0) + 10 + -8.
-3
-4 - (-3 - (-5 + 11))
5
Evaluate 2 + -2 + 2 + -3.
-1
Evaluate (-3 - (-3 - -3)) + (2 - 2).
-3
What is the value of 0 + 0 + (-3 - 0 - -3)?
0
What is the value of 6 - -1 - (8 + 13 - 15)?
1
What is 2 + -5 + -1 + 4?
0
What is 4 - (-29 + 27 + (1 - 0))?
5
Evaluate (2 - 2) + -1 + 2.
1
What is 10 - (8 + -1 + 3)?
0
Evaluate (-1 - -2 - -2) + 0 - 7.
-4
What is the value of (-7 - 0) + 7 + 1?
1
Evaluate (-2 - 3 - -3) + 0 + 6.
4
Calculate 7 + -9 - (1 - 3).
0
What is the value of (5 + 1 + 2 - 3) + -10?
-5
What is 7 + (-5 + 3 - 1)?
4
-3 + 6 - (-6 - -6) - 0
3
Calculate (0 - (9 - 7)) + 0.
-2
What is the value of -9 - -9 - (-1 + -2 + 0)?
3
Calculate 2 + -4 - (1 - 5) - 3.
-1
Evaluate (80 - 70) + (0 - 14).
-4
-2 - 1 - 7 - -16
6
What is (0 - -7) + -146 + 147?
8
2 - ((11 - (7 - 3)) + 0)
-5
-4 - (7 - 4) - -7
0
What is 7 + -4 - (3 - 5)?
5
-1 - (13 + -19) - 8
-3
Calculate 0 + -5 + 6 + -2.
-1
Evaluate -3 - 0 - (-34 + 33).
-2
What is 4 + -34 + 29 + (-1 - -7)?
5
What is the value of -2 - -6 - ((-5 - -3) + 5)?
1
Calculate -5 + 6 + (-5 - -5) - 1.
0
Calculate -4 - -6 - (7 - (1 - 1)).
-5
What is -5 - 1 - (5 - (5 - -1))?
-5
Calculate 1 + -6 + 3 + 1.
-1
-4 + 2 + (6 - 4)
0
Evaluate (3 - (3 + -4)) + 6.
10
(-1 - -4) + -7 - -7
3
-3 + (-2 - (-10 + 3)) + 1
3
What is (-3 - 1) + -1 + -13 + 13?
-5
What is -275 + 274 - (-1 - (0 + 2))?
2
What is -3 - ((-3 - 0) + -1 - -3)?
-2
(-3 - -5) + -26 + 21
-3
Evaluate -7 - (1 - (-2 - -8)).
-2
What is (0 - (-1 - 0)) + -9 + 11?
3
Evaluate (-2 - 5) + 1 + -18 + 19.
-5
What is the value of -5 + (-1 - (-6 + 2))?
-2
Calculate (-11 - (-2 + 6)) + (6 - 0).
-9
What is 4 - (-5 + 15) - (-5 + 2)?
-3
What is the value of -27 - -33 - (1 + 0)?
5
Evaluate 1 + -2 - (20 - 17 - 4).
0
Calculate 5 - (-1 - -1 - 0).
5
Calculate (7 - 13) + 2 + -2 + 13.
7
What is the value of -5 - (-12 + (3 - 4) - -4)?
4
What is the value of 0 - (3 - (5 - 0)) - -4?
6
-6 - (0 + -1) - -4
-1
Calculate 0 - 8 - (0 - 1) - -3.
-4
7 + -6 + -4 + 11
8
Calculate 2 + 0 + -3 - 1.
-2
Calculate -2 + 2 - (-10 + 2) - 3.
5
Calculate -7 + 11 + -6 - 3.
-5
Evaluate -4 - -4 - 1 - (5 - 4).
-2
1 + (-1 - 1) - (0 - 1)
0
Evaluate -7 - (0 - (3 - -1)).
-3
Evaluate 1 + (2 + (0 - -5) - 3).
5
What is the value of 5 - 3 - 2 - (-3 + 0)?
3
Calculate 7 - (4 + 1 + -1).
3
Calculate 2 - 2 - (-14 + 10).
4
What is the value of -1 - (3 - (10 - 6))?
0
What is (-3 - -7) + (-9 + 3 - -2)?
0
Calculate 5 + 1 - (-95 - -100).
1
What is 3 + (-5 - -2) + (3 - -1)?
4
What is the value of -3 - (-3 - (0 + 1))?
1
Calculate 22 - (0 + 19) - (5 + 1).
-3
What is 2 + (6 - 20) - -2 - -4?
-6
-8 + 3 - (0 - 1)
-4
What is the value of 6 - 6 - ((-2 - -1) + -3)?
4
What is the value of 4 + (0 - (-11 - -9))?
6
What is the value of 0 - (0 + 5 + -4 + 1)?
-2
What is 3 + (-5 - (-2 - 3 - -5))?
-2
Evaluate -1 + (7 - 9) - 7.
-10
-7 + 0 + -2 + 5 + -1
-5
What is the value of 4 - (4 - (4 - 2)) - 2?
0
What is the value of -4 + -3 + 3 + (-22 - -26)?
0
What is 0 - 0 - (6 + -19 + 15)?
-2
Evaluate 4 - 3 - (-19 - -8 - -4).
8
Evaluate 21 - (14 - (-11 - -13)).
9
Calculate (-3 - (-1 - 0)) + 2 + 0.
0
Calculate 3 - (-1 + 0) - 4.
0
-7 - (-3 - (-3 - -2))
-5
Calculate 0 + (-1 - (-1 - -3)) - -3.
0
-4 + 3 + 4 + -2
1
Calculate -8 - (-6 + 6) - -11.
3
Evaluate 8 + (-5 - (7 + -2)).
-2
Evaluate -3 + 3 + (4 - (1 + 3)).
0
What is -6 + -8 + 11 + -2?
-5
Evaluate 3 + -7 + (-4 - -10).
2
What is 1 - (0 - (4 - 5))?
0
Evaluate (2 - 6) + -3 + 3.
-4
Evaluate -1 + 0 + 11 + -9.
1
4 + -4 + -7 + 4
-3
What is -4 + 5 + 4 + -1?
4
Calculate (10 - 5) + (-4 + 1 - 0).
2
Evaluate (2 - (4 - -1)) + 3 + -4.
-4
Evaluate 6 + -2 - (-45 - -55).
-6
(-13 - -12) + 13 + -5
7
What is -3 + -1 - (-18 - -16)?
-2
What is 4 + -3 - (-7 - -7) - -1?
2
What is 1 - (-2 + (4 - 4))?
3
-1 - -1 - (-218 + 221)
-3
What is the value of -4 - (-1 + -2 + 4)?
-5
What is the value of (-4 - -1 - -3) + (-1 - 2)?
-3
Calculate (-15 - -9) + 7 + (4 - 4).
1
Calculate 5 - (-2 + (5 - -7) + 4).
-9
Calculate -139 - -139 - (8 - 2 - 1).
-5
Evaluate -4 + 3 + -11 + 5 + 3.
-4
Calculate 1 - 4 - (9 + -21 - -7).
2
Evaluate -13 - 0 - (-35 + 26).
-4
Calculate (0 - 0 - -2) + (6 - 2).
6
What is 3 + 3 + -9 + 2 + -3?
-4
What is 4 - (4 - -3 - 10) - 16?
-9
What is -7 - (-17 - 2) - 11?
1
Evaluate 0 + (4 - (0 + 3)).
1
Evaluate 7 + -15 + 15 + -8.
-1
Evaluate 8 - 7 - (0 + 6).
-5
What is the value of -3 - (-7 - (-2 + 2))?
4
What is -1 + 2 - (12 + -8)?
-3
What is 1 + (2 - 2) + -2 + 4?
3
What is (-7 + 16 - 14) + 7 + 1?
3
What is the value of (3 - (1 - (-5 + 0))) + 6?
3
What is the value of 5 - (11 + 2 + -3)?
-5
What is -3 - -3 - (-3 - (-3 + 1))?
1
What is -6 + 11 + -1 + (-6 - 4)?
-6
(5 - (6 - (-7 - -9))) + -2
-1
Calculate 192 + -199 - (-14 + 0).
7
Calculate -10 - -2 - (-10 + 7).
-5
What is -5 + 0 + 9 - 9?
-5
Calculate (6 - 9) + 11 - (8 - 1).
1
What is the value of 11 - 1